*5/60 + k**3/3 - 12*k**2 - k + 20. Suppose -2*x = -6*x - 3*a + 46, 0 = -x - 5*a + 3. What is c(x)?
2
Let h(m) = 9*m + 4. Let p(f) = -16*f - 5408 + 2703 + 2696 - 2*f. Let d(b) = -b**3 - 3*b**2 + 5*b + 1. Let c be d(-4). Let r(t) = c*p(t) - 7*h(t). What is r(1)?
-10
Suppose -14*j + 9*j = -40. Suppose -j*g + u + 5 = -3*g, 0 = 3*g - 5*u + 19. Let a(f) = 3*f**2 + 2*f**2 - 5*f**2 + 6 + 6*f - f**g. Calculate a(6).
6
Let r be -3 - 27/(-6)*2. Suppose 3*l - 1 = 4*i, 4*i + r = -2*l + 5*i. Let w(y) = y**2 + 4*y - 8. Determine w(l).
-3
Let w(o) = 6*o - 5. Suppose 2*x - 24 + 16 = 0. Let f(q) = -7*q + 4. Let p(g) = x*f(g) + 5*w(g). What is p(6)?
3
Let w(b) = 3*b**2 - b. Let a(u) = u**3 - 19*u**2 - 3*u + 2. Let i be a(19). Let p be (-2)/6*(i - -1). Suppose c = -c + n - 7, -2*c + p = 4*n. Give w(c).
4
Let z = 43 - 40. Let k(x) = 11 - 4*x - 10 - z - 2. Let v = -1 - 3. Calculate k(v).
12
Let r(h) be the first derivative of -21*h**2 + 9*h + 3798. Give r(1).
-33
Let c(p) be the first derivative of -3*p**2 + 72*p + 1204. Determine c(13).
-6
Let d(f) = 141877 - 17*f - 2*f**3 + 17*f - 72*f**2 - 141873. Determine d(-36).
4
Let h(w) = -w**3 - 63*w**2 - 110*w + 728. Let u be h(-61). Let c(o) = -o - 1. Let x(p) = -p + 8. Let b(z) = 3*c(z) + x(z). Calculate b(u).
21
Let r(p) be the second derivative of 9*p**5/10 - p**4/12 + p**3/6 - p**2 + 156*p + 2. Calculate r(1).
16
Suppose 0 = j + 8 - 34. Suppose -6*m + j = -40. Suppose 2*z - 27 = m*z. Let a(y) = -y**3 - 4*y**2 - 4. Determine a(z).
-13
Let w be ((-1 + 10)/(-1))/(15/(-10)). Let m(n) = 6*n + 2*n - w*n. Let o = 30 + -28. What is m(o)?
4
Let r(t) = 10*t**3 + 11*t**2 + 6*t - 7. Let u(b) = 23*b**3 + 23*b**2 + 12*b - 17. Let q(g) = -7*r(g) + 3*u(g). What is q(-7)?
-9
Let g = 398 + -398. Let l(h) = -76*h - 6. Calculate l(g).
-6
Let x(i) = i**3 + 4*i**2 - 11*i + 15. Let q(t) = -365*t + 2184. Let z be q(6). Determine x(z).
9
Let l(d) = d**3 - d**2 + d - 11. Let n(f) = -f**3 - 13*f**2 + 15*f - 4. Let w = 73 + -87. Let t be n(w). Let r be 2/(-36)*4 + (-4)/t. Calculate l(r).
-11
Let v(h) = -2*h**3 - 13*h**2 + 5*h - 19. Let n be 5/(-3) + 26/(-6) + -1. Give v(n).
-5
Let x(j) = 9*j**2 + 4*j - 70 + 7*j + 16*j**3 + 74. Let d(u) = 7*u**3 + 4*u**2 + 5*u + 2. Let v(q) = 7*d(q) - 3*x(q). Suppose -5*h = -2 + 12. Calculate v(h).
-6
Let r(g) = 28*g - 29*g + 33 + 26 - 62. Suppose -2*t + 52 = 3*f + 2*f, 4*t - 4 = 0. Give r(f).
-13
Let q(s) be the second derivative of 4 - 1/12*s**4 - s**2 - 7/6*s**3 - 2*s. Give q(-7).
-2
Let n(c) = -4*c**2 - 7*c + 12. Let o(f) = -17*f**2 - 29*f + 50. Let j(x) = -13*n(x) + 3*o(x). Give j(-4).
-6
Suppose 17 = z + 4*j - 3, 4*z - j = 12. Suppose z*u - 4 = 0, -3*a + 5*u = 18 + 2. Let p(r) = 2*r + 5. Determine p(a).
-5
Let a = -2352 + 2356. Let c(b) be the second derivative of 0 + 2*b**2 + 3*b - 1/6*b**3. What is c(a)?
0
Let b(a) = -7*a**2 - 2*a + 7. Let h(o) = -182 + 13*o**2 + 169 + 0*o + o + 3*o. Let w(l) = -11*b(l) - 6*h(l). Suppose -12 = 5*x + 3. What is w(x)?
-2
Let u(d) = -d**2 - 6*d + 1. Let b(c) = 4*c**3 + c. Let v(q) be the third derivative of q**5/60 - q**3/3 + 16*q**2. Let x be v(1). Let r be b(x). What is u(r)?
6
Let r(y) = 5*y**2 + 14*y + 2. Let d(w) = 8*w**2 + 26*w + 4. Let b(n) = -3*d(n) + 5*r(n). Suppose -46*c + 51*c = 30. Determine b(c).
-14
Let b(f) = -9*f - 1. Suppose 12*s - 6*s = 4098. Let u = s + -682. Calculate b(u).
-10
Let a(q) = -13*q + q + 2*q**2 + 4 + 4 + 14*q + 11*q. Determine a(-9).
53
Let y(f) = 8*f**3 + 25 - f - 34 - 2*f**2 - f**2 + 6*f. Let u be y(2). Let b = 54 - u. Let v(r) = 18*r. What is v(b)?
18
Let z(d) be the third derivative of -d**5/30 + 25*d**4/24 - 10*d**3 + 333*d**2 + 2*d. Give z(9).
3
Let y(w) = -32*w - 59. Let a be y(-2). Let s(u) = -135*u**2 + 4*u**3 - 2*u + 130*u**2 - 3*u**3 - 1. Give s(a).
-11
Suppose -32*s + 34*s = -3*a - 17, a = 3*s + 42. Let o(m) = m**3 + 9*m**2 - 54*m - 19. What is o(s)?
7
Let c be -3 + 2 + 1 + 3 + -4. Let s(q) = -q**3 - q**2 + q - 1. Let l(m) = -3*m**3 - 11*m**2 + 11*m - 15. Let z(d) = c*l(d) + 2*s(d). Calculate z(-10).
3
Let p(g) = -8*g + 116. Suppose 5*x + 10 = 0, -4*t + 73 = t + x. What is p(t)?
-4
Let i(b) = b**2. Suppose 6*l = 2*l - 36. Let r(z) be the second derivative of z**4/12 + 5*z**3/3 + 11*z**2/2 + 47*z + 2. Let w be r(l). What is i(w)?
4
Let z(i) = -18*i + 234. Let l = 5444 - 5431. Calculate z(l).
0
Let y be (-14 + 4)*(-2)/(-4)*-1. Let v(x) = 7*x**3 - x**2 + 13*x + 5. Let h(d) = 9*d**3 + 14*d + 4. Let g(u) = y*v(u) - 4*h(u). Calculate g(-6).
-9
Let o(g) = 6*g - 199. Suppose -4*c + 9*p + 133 = 4*p, -3*p = 3*c - 93. Give o(c).
-7
Suppose -3 = b - d - 0, -9 = -b - 2*d. Let t be -2 - b*(-23 - 3). Let i(q) = -11 + q - 10 - 6 + t. What is i(6)?
3
Let a(y) = 13*y**2 + 31*y - 136. Let o(z) = 7*z**2 + 15*z - 69. Let s(w) = 6*a(w) - 11*o(w). Calculate s(-24).
15
Let v be (-2)/(1 - 0) + 5. Let a(l) = l**2 + 8*l - 5. Let x be a(-9). Let z(r) = -2*r**3 - r**2 + 3*r + x*r**2 + 3*r - 4*r - 1. Give z(v).
-22
Suppose 0 = 4*l - 4, 3*m + 0*l = 3*l - 9. Let v be m/2 - (11 - 14). Let y(b) = -5 + 8 - v - b. Calculate y(8).
-7
Let d(c) = 6*c**3. Let v = -309 - -420. Suppose 108*m = v*m + 3. Give d(m).
-6
Suppose -5*m + 156 = 151. Let p(z) = 10*z**3 + 7*z**2 + 4. Let h be 1/(11/5 + -2). Let t(n) = -n**2 - 1. Let l(q) = h*t(q) + p(q). Give l(m).
11
Let y(j) be the third derivative of -j**5/60 - j**4/8 - j**3/6 + 2*j**2. Let p = 17 - 2. Let x be -3*(-2)/(-9)*p/2. Determine y(x).
-11
Let f = -40 + 128. Let i = -88 + f. Suppose 0*o - 16*o - 80 = i. Let t(n) = n**2 + 7*n + 3. Give t(o).
-7
Let y(z) = z**2 - 14*z - 23. Suppose -7*d + 3*v + 20 = -5*d, 5*v = -5*d + 100. What is y(d)?
9
Let w be 56/(-5) - 6/(-30). Let a(s) = -s**3 - 3*s**2 + 15*s - 20. Let q be a(-6). Let t be w/q - (1/2 - 0). Let n(p) = p**3 - 4*p**2 - 4*p - 1. Give n(t).
4
Suppose 2*g + 2*h + 14 = 0, 5*g - 13 = 4*h + 6. Let r(x) = -11*x**3 - 4*x**2 - 7*x - 2. What is r(g)?
12
Suppose -3*x = 3, -10 = -2*a - 3*a - 5*x. Let f(q) = 668*q + 649*q - 2 - 1306*q. Calculate f(a).
31
Let l(q) = -106*q - 848. Let f be l(-8). Let u(m) be the first derivative of 0*m + 6 + 1/2*m**2. Calculate u(f).
0
Let l(w) = w**3 - w**2 + 2. Let h(s) = -3*s**3 - 3*s**2 + 4*s - 17. Let u(y) = h(y) + 2*l(y). Let j be u(-6). Let k(b) = -14*b**2. Determine k(j).
-14
Suppose -2*r - 3*r + 145 = 0. Suppose -v = -y - 23 + 2, y - 154 = -6*v. Let j = r - v. Let d(c) = c**3 - 3*c**2 - 3*c + 1. What is d(j)?
5
Let b(s) be the first derivative of 8/3*s**3 + 6*s - 1/4*s**4 - 1/2*s**2 - 9. Give b(8).
-2
Let q(z) = 8*z**3 - z + 1. Let a be q(1). Let d(f) = 35*f - 120*f + 36*f + 35*f + 20. Let p(w) = -5*w + 7. Let h(c) = a*p(c) - 3*d(c). Give h(-3).
-10
Suppose 705 + 855 = -12*l. Let s = 126 + l. Let t(r) = r + 4. What is t(s)?
0
Let y(m) = 3*m**2 + m + 4. Suppose 3*g + 5*t - 9 = 8*t, 4*t + 14 = 3*g. Give y(g).
14
Let j(s) = -2*s**2 - s + 10. Let m be ((-3)/7)/(209/(-1463)). Determine j(m).
-11
Let o(x) = -11*x**3 - 11*x**2 + 17*x + 20. Let n(k) = 8*k**3 + 11*k**2 - 10*k - 21. Let i(g) = 4*n(g) + 3*o(g). Calculate i(12).
-36
Let o(x) = 2*x - x**2 + 29965 - 14985 - 14981. What is o(4)?
-9
Let d be 3/((-9)/(-12)) + -3. Suppose -1 + 3 = x. Let j(o) = -o - o**2 + 0*o**x + 5*o**2. Calculate j(d).
3
Let y(k) = -k**2 + 2*k - 1. Let c(m) = 4*m**2 - 7*m + 2. Let r(w) = 2*c(w) + 7*y(w). Suppose -22 = 7*x + 202. Let z = 35 + x. Calculate r(z).
6
Let d(v) = 17*v**3 - 5*v**2 + 5*v + 9. Let a(q) = -11*q**3 + 2*q**2 - 2*q - 4. Let h(c) = 9*a(c) + 4*d(c). What is h(1)?
-31
Let b(v) be the second derivative of -v**6/360 + 7*v**5/60 - 5*v**4/12 + v**3/6 + 84*v. Let j(h) be the third derivative of b(h). Determine j(10).
-6
Let i(n) be the second derivative of 1/2*n**2 - n + 1/3*n**3 - 210. Determine i(1).
3
Suppose 3*f - 44 = 3*g + g, -2*f = 4*g + 4. Let v = 6 - f. Let i(x) = -x - 3 + 2 - 2*x**3 - 2*x + 5*x - x**2. Calculate i(v).
7
Let u(r) be the second derivative of -7*r**5/120 - r**3/3 + 5*r**2 + 103*r. Let y(o) be the second derivative of u(o). What is y(1)?
-7
Let r(c) = -c**2 + c. Let o(z) = 8*z**2 - 3*z - 1. Let l(h) = -o(h) - 3*r(h). Let g(b) = 4*b**2 - 2*b + 1. Let t be g(0). Give l(t).
-4
Let s(v) = -v**2 + 6*v + 4. Suppose 11*t = 344 - 14. Suppose -5*p = -h - t, 2*h = 6*h. Give s(p).
4
Let y(u) = 9*u + 605 + 605 - u**2 - 1214. Let j = 13 - 5. De